ctor of 53445486?
False
Does 1189 divide 120840448?
True
Is 855 a factor of 2447608500?
True
Is 142167465 a multiple of 99?
True
Is 246146092 a multiple of 46?
True
Is 516890592 a multiple of 184?
True
Does 1257 divide 577370?
False
Does 109 divide 8721635?
True
Does 305 divide 441493359?
False
Is 385 a factor of 28701365?
True
Is 18 a factor of 47181152?
False
Does 204 divide 50821453?
False
Does 266 divide 34509867?
False
Is 11 a factor of 273475125?
True
Does 10 divide 120261430?
True
Is 419513746 a multiple of 7?
False
Is 127 a factor of 115061746?
True
Is 28585200 a multiple of 400?
True
Is 961 a factor of 215681074?
True
Does 15 divide 50506052?
False
Is 573 a factor of 294520854?
True
Is 889 a factor of 218822338?
False
Is 46 a factor of 2805094720?
True
Does 299 divide 2054130?
True
Is 312973743 a multiple of 24?
False
Is 63809058 a multiple of 3?
True
Is 755312544 a multiple of 602?
True
Is 26525998 a multiple of 138?
False
Does 1212 divide 1631392861?
False
Is 130768059 a multiple of 14?
False
Is 436290087 a multiple of 90?
False
Does 93 divide 521551998?
True
Does 44 divide 45496113?
False
Is 17 a factor of 15466427?
False
Does 56 divide 147250956?
False
Is 24157057 a multiple of 1193?
True
Is 7745 a factor of 1803737127?
False
Is 460 a factor of 161999792?
False
Does 45 divide 117596612?
False
Is 91379840 a multiple of 16?
True
Does 13 divide 269543756?
False
Does 9161 divide 608522416?
False
Is 6703212 a multiple of 326?
True
Is 16546229 a multiple of 30?
False
Is 49 a factor of 652583911?
True
Does 4 divide 42006125?
False
Is 212 a factor of 132260162?
False
Is 5336469 a multiple of 368?
False
Is 528 a factor of 255321242?
False
Is 30 a factor of 323370?
True
Does 259 divide 124200083?
True
Is 20 a factor of 132918206?
False
Is 32305789 a multiple of 163?
False
Is 573838355 a multiple of 14?
False
Does 6032 divide 2639955687?
False
Does 190 divide 108879006?
False
Does 198 divide 357676506?
True
Does 66 divide 6846512?
False
Is 57 a factor of 611484?
False
Is 4228555248 a multiple of 1021?
False
Is 95 a factor of 145379450?
True
Does 433 divide 3184995584?
True
Is 38686310 a multiple of 3?
False
Is 514004826 a multiple of 219?
True
Is 15 a factor of 88909065?
True
Does 301 divide 403763864?
False
Does 34 divide 165057216?
True
Is 497 a factor of 4590493712?
False
Is 167 a factor of 945324375?
True
Is 28 a factor of 75114116?
True
Does 16 divide 1627136402?
False
Does 151 divide 376035052?
False
Is 5 a factor of 109061920?
True
Is 1761195514 a multiple of 4842?
False
Does 279 divide 2487466071?
True
Does 916 divide 1995059979?
False
Is 1613 a factor of 32179405?
False
Does 23 divide 30102204?
False
Is 11900470 a multiple of 2?
True
Is 408 a factor of 1277767464?
True
Does 5 divide 4675955?
True
Is 1402259508 a multiple of 17?
False
Is 134125432 a multiple of 53?
False
Is 12539 a factor of 3591756586?
False
Does 9 divide 69329252?
False
Is 13034922 a multiple of 587?
True
Does 9 divide 40342761?
True
Does 32 divide 14145309?
False
Does 18 divide 544870247?
False
Is 15851910 a multiple of 15?
True
Is 134875577 a multiple of 1649?
False
Does 266 divide 14121142?
True
Does 14 divide 23215867?
False
Is 121 a factor of 69937231?
False
Is 28 a factor of 976463?
False
Is 22600890 a multiple of 2055?
True
Is 88940263 a multiple of 43?
False
Does 46 divide 469284962?
True
Is 3498289500 a multiple of 4978?
True
Is 166903057 a multiple of 43?
False
Is 106 a factor of 597152407?
False
Is 67177422 a multiple of 666?
True
Does 45 divide 69684075?
True
Is 10 a factor of 39882506?
False
Is 7 a factor of 51149672?
True
Is 53925936 a multiple of 24?
True
Does 5245 divide 297434275?
False
Does 605 divide 68569490?
True
Is 24724248 a multiple of 3279?
False
Is 244 a factor of 17383780?
True
Is 48787784 a multiple of 8?
True
Is 8935901 a multiple of 587?
True
Is 71205529 a multiple of 220?
False
Does 14 divide 493985?
False
Is 1895 a factor of 83825325?
True
Is 1594059904 a multiple of 9488?
True
Is 348402618 a multiple of 1708?
False
Is 2614779332 a multiple of 11?
True
Is 29 a factor of 2330976973?
False
Does 190 divide 1936471640?
True
Does 180 divide 7157700?
True
Is 3259900374 a multiple of 894?
True
Is 1769604756 a multiple of 17?
False
Is 5 a factor of 44140344?
False
Is 2534750810 a multiple of 321?
False
Does 56 divide 222108432?
True
Is 9 a factor of 218480886?
True
Does 3319 divide 39124372?
True
Is 42 a factor of 5385088170?
True
Is 405 a factor of 23753250?
True
Is 13105428 a multiple of 6?
True
Does 17 divide 34452999?
True
Is 55508178 a multiple of 495?
False
Is 469 a factor of 53564490?
True
Is 13918944 a multiple of 104?
True
Is 6862950 a multiple of 101?
True
Does 189 divide 41842446?
False
Is 15226758 a multiple of 40?
False
Is 7 a factor of 9766564?
False
Does 992 divide 2062269396?
False
Is 1979441206 a multiple of 6749?
True
Does 59 divide 2556299?
False
Does 80 divide 106171026?
False
Does 2505 divide 184580925?
True
Is 2113 a factor of 8907708?
False
Is 1727 a factor of 534021853?
False
Is 100 a factor of 222933200?
True
Does 2538 divide 207493132?
False
Is 6 a factor of 291837110?
False
Is 279575848 a multiple of 23?
False
Is 163329250 a multiple of 35?
True
Does 379 divide 293518824?
True
Is 1857 a factor of 226422153?
True
Does 359 divide 20460846?
True
Is 1072403070 a multiple of 1988?
False
Is 46744024 a multiple of 37?
True
Is 227 a factor of 8895813?
False
Is 23 a factor of 392564092?
True
Is 6 a factor of 510?
True
Is 351 a factor of 6578739?
False
Is 55950217 a multiple of 162?
False
Is 2598648796 a multiple of 1052?
False
Is 520579 a multiple of 6?
False
Does 40 divide 177635920?
True
Is 418842516 a multiple of 5181?
False
Is 27 a factor of 156721446?
True
Does 418 divide 114666178?
True
Is 18015831 a multiple of 1541?
True
Is 32165831 a multiple of 365?
False
Is 12 a factor of 36111072?
True
Is 650 a factor of 224595889?
False
Does 319 divide 660317441?
False
Does 448 divide 2317844?
False
Is 2117 a factor of 308764450?
True
Is 2394214486 a multiple of 20?
False
Is 49 a factor of 3216242890?
True
Is 16412088 a multiple of 581?
True
Is 554467026 a multiple of 1978?
True
Is 9 a factor of 14452166?
False
Is 64587594 a multiple of 122?
False
Does 2 divide 4298665?
False
Is 53 a factor of 1071108273?
False
Is 10974 a factor of 191921183?
False
Is 97 a factor of 574756?
False
Does 46 divide 2086250190?
True
Is 1811 a factor of 479463770?
False
Is 1308063130 a multiple of 1261?
False
Does 2472 divide 446673382?
False
Is 40773718 a multiple of 10?
False
Does 108 divide 63985897?
False
Is 465521440 a multiple of 4765?
True
Is 10 a factor of 159200090?
True
Is 1104 a factor of 559095408?
True
Is 304679917 a multiple of 282?
False
Does 8 divide 225053701?
False
Is 28 a factor of 24160220?
True
Is 105 a factor of 7146648?
False
Is 287408394 a multiple of 1000?
False
Is 6381 a factor of 694693089?
True
Is 121760229 a multiple of 23?
True
Is 2255 a factor of 100544147?
False
Does 242 divide 9172970?
False
Does 18 divide 25239254?
False
Does 176 divide 19227648?
True
Does 176 divide 130714345?
False
Does 341 divide 141366637?
False
Is 191543240 a multiple of 29?
False
Does 3514 divide 191855695?
False
Is 226 a factor of 5444540?
False
Is 4 a factor of 1782811715?
False
Is 945322760 a multiple of 1655?
True
Is 230212061 a multiple of 547?
True
Is 28 a factor of 18248524?
True
Is 514910796 a multiple of 4?
True
Does 8 divide 9984760?
True
Does 18 divide 25777923?
False
Does 4559 divide 166426295?
True
Is 1545 a factor of 6702210?
True
Is 583 a factor of 2340183333?
False
Is 19 a factor of 1242705765?
False
Is 444025425 a multiple of 142?
False
Is 149 a factor of 24832340?
True
Is 559610516 a multiple of 1357?
True
Is 1168 a factor of 739706590?
False
Is 944557056 a multiple of 2721?
True
Is 28409060 a multiple of 373?
False
Is 802235300 a multiple of 50?
True
Does 1326 divide 1567315924?
False
Is 1437708827 a multiple of 289?
False
Is 308386840 a multiple of 107?
True
Is 373633390 a multiple of 278?
True
Is 426652324 a multiple of 368?
False
Is 8586780226 a multiple of 14?
False
Does 13 divide 65027573?
True
Is 61899 a multiple of 141?
True
Does 10 divide 224002850?
True
Is 209 a factor of 1534654605?
True
Is 1094 a factor of 886